 factors of 92?
2, 23
What are the prime factors of 10099?
10099
List the prime factors of 1990.
2, 5, 199
What are the prime factors of 2606?
2, 1303
What are the prime factors of 92486?
2, 131, 353
What are the prime factors of 8999?
8999
What are the prime factors of 28183?
28183
List the prime factors of 1440.
2, 3, 5
What are the prime factors of 38421?
3, 1423
What are the prime factors of 44871?
3, 14957
What are the prime factors of 1570?
2, 5, 157
What are the prime factors of 21?
3, 7
List the prime factors of 1500.
2, 3, 5
What are the prime factors of 11164?
2, 2791
List the prime factors of 37253.
37253
List the prime factors of 1656.
2, 3, 23
List the prime factors of 1389.
3, 463
What are the prime factors of 3165?
3, 5, 211
What are the prime factors of 2405?
5, 13, 37
List the prime factors of 6294.
2, 3, 1049
What are the prime factors of 5221?
23, 227
List the prime factors of 8648.
2, 23, 47
What are the prime factors of 12488?
2, 7, 223
List the prime factors of 7776.
2, 3
List the prime factors of 1832.
2, 229
List the prime factors of 74653.
74653
What are the prime factors of 20105?
5, 4021
List the prime factors of 21966.
2, 3, 7, 523
List the prime factors of 36128.
2, 1129
What are the prime factors of 8113?
7, 19, 61
List the prime factors of 14246.
2, 17, 419
List the prime factors of 1414.
2, 7, 101
What are the prime factors of 14108?
2, 3527
What are the prime factors of 9419?
9419
List the prime factors of 6235.
5, 29, 43
What are the prime factors of 49475?
5, 1979
List the prime factors of 32027.
32027
List the prime factors of 264.
2, 3, 11
What are the prime factors of 2041?
13, 157
What are the prime factors of 121693?
11, 13, 23, 37
List the prime factors of 371.
7, 53
What are the prime factors of 12274?
2, 17, 19
What are the prime factors of 21726?
2, 3, 17, 71
What are the prime factors of 1204?
2, 7, 43
What are the prime factors of 5117?
7, 17, 43
List the prime factors of 9534.
2, 3, 7, 227
What are the prime factors of 3409?
7, 487
What are the prime factors of 2017?
2017
What are the prime factors of 2191?
7, 313
What are the prime factors of 6624?
2, 3, 23
What are the prime factors of 9573?
3, 3191
List the prime factors of 156.
2, 3, 13
List the prime factors of 3625.
5, 29
List the prime factors of 4527.
3, 503
List the prime factors of 721.
7, 103
What are the prime factors of 7285?
5, 31, 47
List the prime factors of 1177.
11, 107
List the prime factors of 34321.
7, 4903
What are the prime factors of 365?
5, 73
List the prime factors of 524.
2, 131
List the prime factors of 32144.
2, 7, 41
List the prime factors of 12159.
3, 7, 193
What are the prime factors of 17216?
2, 269
List the prime factors of 606.
2, 3, 101
What are the prime factors of 7340?
2, 5, 367
What are the prime factors of 1562?
2, 11, 71
List the prime factors of 2990.
2, 5, 13, 23
List the prime factors of 8773.
31, 283
List the prime factors of 2520.
2, 3, 5, 7
List the prime factors of 3220.
2, 5, 7, 23
List the prime factors of 930.
2, 3, 5, 31
List the prime factors of 12561.
3, 53, 79
What are the prime factors of 6196?
2, 1549
What are the prime factors of 83961?
3, 19, 491
List the prime factors of 5443.
5443
List the prime factors of 432.
2, 3
List the prime factors of 966.
2, 3, 7, 23
What are the prime factors of 838?
2, 419
What are the prime factors of 477?
3, 53
What are the prime factors of 45782?
2, 11, 2081
List the prime factors of 27169.
101, 269
List the prime factors of 5542.
2, 17, 163
What are the prime factors of 40069?
17, 2357
List the prime factors of 3305.
5, 661
What are the prime factors of 45738?
2, 3, 7, 11
List the prime factors of 63635.
5, 11, 13, 89
List the prime factors of 627.
3, 11, 19
List the prime factors of 21234.
2, 3, 3539
What are the prime factors of 2033?
19, 107
List the prime factors of 52652.
2, 13163
What are the prime factors of 179?
179
List the prime factors of 6487.
13, 499
What are the prime factors of 3826?
2, 1913
List the prime factors of 17984.
2, 281
What are the prime factors of 10234?
2, 7, 17, 43
List the prime factors of 310.
2, 5, 31
List the prime factors of 4718.
2, 7, 337
List the prime factors of 4605.
3, 5, 307
List the prime factors of 110558.
2, 7, 53, 149
List the prime factors of 30640.
2, 5, 383
List the prime factors of 19285.
5, 7, 19, 29
What are the prime factors of 2621?
2621
What are the prime factors of 108382?
2, 47, 1153
What are the prime factors of 95002?
2, 47501
List the prime factors of 855.
3, 5, 19
List the prime factors of 9716.
2, 7, 347
What are the prime factors of 15667?
15667
List the prime factors of 269.
269
What are the prime factors of 158774?
2, 7, 11, 1031
What are the prime factors of 2332?
2, 11, 53
List the prime factors of 2720.
2, 5, 17
List the prime factors of 993.
3, 331
What are the prime factors of 614?
2, 307
List the prime factors of 272.
2, 17
List the prime factors of 1633.
23, 71
What are the prime factors of 401?
401
What are the prime factors of 29544?
2, 3, 1231
What are the prime factors of 28919?
11, 239
What are the prime factors of 1040?
2, 5, 13
What are the prime factors of 40230?
2, 3, 5, 149
List the prime factors of 30698.
2, 15349
What are the prime factors of 2066?
2, 1033
List the prime factors of 50273.
50273
What are the prime factors of 1838?
2, 919
What are the prime factors of 20243?
31, 653
List the prime factors of 26483.
71, 373
What are the prime factors of 360?
2, 3, 5
List the prime factors of 15472.
2, 967
What are the prime factors of 41200?
2, 5, 103
List the prime factors of 5772.
2, 3, 13, 37
What are the prime factors of 22775?
5, 911
List the prime factors of 31752.
2, 3, 7
What are the prime factors of 75767?
75767
List the prime factors of 150738.
2, 3, 7, 37, 97
What are the prime factors of 177992?
2, 19, 1171
List the prime factors of 9313.
67, 139
What are the prime factors of 18814?
2, 23, 409
List the prime factors of 49236.
2, 3, 11, 373
List the prime factors of 386.
2, 193
What are the prime factors of 1153?
1153
What are the prime factors of 1977?
3, 659
What are the prime factors of 88393?
37, 2389
What are the prime factors of 887?
887
What are the prime factors of 116823?
3, 7, 5563
What are the prime factors of 28694?
2, 14347
What are the prime factors of 298?
2, 149
What are the prime factors of 18813?
3, 6271
List the prime factors of 15156.
2, 3, 421
List the prime factors of 830.
2, 5, 83
List the prime factors of 5359.
23, 233
What are the prime factors of 697?
17, 41
List the prime factors of 55857.
3, 43, 433
List the prime factors of 1175.
5, 47
What are the prime factors of 2374?
2, 1187
What are the prime factors of 28?
2, 7
List the prime factors of 464.
2, 29
List the prime factors of 1468.
2, 367
List the prime factors of 3832.
2, 479
List the prime factors of 25795.
5, 7, 11, 67
What are the prime factors of 156956?
2, 39239
What are the prime factors of 109?
109
What are the prime factors of 2555?
5, 7, 73
List the prime factors of 1560.
2, 3, 5, 13
What are the prime factors of 356?
2, 89
List the prime factors of 14019.
3, 4673
What are the prime factors of 36138?
2, 3, 19, 317
List the prime factors of 2753.
2753
What are the prime factors of 50163?
3, 23, 727
List the prime factors of 2070.
2, 3, 5, 23
What are the prime factors of 318?
2, 3, 53
What are the prime factors of 178?
2, 89
List the prime factors of 5522.
2, 11, 251
List the prime factors of 36837.
3, 4093
What are the prime factors of 1003?
17, 59
List the prime factors of 22463.
7, 3209
What are the prime factors of 22558?
2, 11279
List the prime factors of 16267.
16267
List the prime factors of 30263.
53, 571
What are the prime factors of 3893?
17, 229
What are the prime factors of 91?
7, 13
List the prime factors of 13684.
2, 11, 311
List the prime factors of 124282.
2, 62141
List the prime factors of 55686.
2, 3, 9281
What are the prime factors of 43530?
2, 3, 5, 1451
What are the prime factors of 3802?
2, 1901
List the prime factors of 7426.
2, 47, 79
What are the prime factors of 835?
5, 167
What are the prime factors of 96643?
96643
List the prime factors of 4817.
4817
List the prime factors of 2926.
2, 7, 11, 19
List the prime factors of 1392.
2, 3, 29
List the